{"id":86,"date":"2020-12-27T09:44:00","date_gmt":"2020-12-27T09:44:00","guid":{"rendered":"http:\/\/www.maijaliisa-hiekkanen.fi\/?page_id=86"},"modified":"2024-03-16T12:10:59","modified_gmt":"2024-03-16T12:10:59","slug":"tietoja","status":"publish","type":"page","link":"https:\/\/www.maijaliisa-hiekkanen.fi\/?page_id=86","title":{"rendered":"Yhteystietoja, tietoja  vierailijalle"},"content":{"rendered":"\n<p>Mukavaa ett\u00e4 osuit t\u00e4lle Sananvapauden saarelleni!<\/p>\n\n\n\n<p>Olet tervetullut tutustumaan, lukemaan, ajattelemaan, pohtimaan! <\/p>\n\n\n\n<p>Ajattelun vapautta ei rajoiteta.<\/p>\n\n\n\n<p>Jotta navigointisi etenisi sujuvasti, ole hyv\u00e4 ja tutustu sivuston otsikoihin:<\/p>\n\n\n\n<ul class=\"wp-block-list\">\n<li>Diaryt ( = infoa uusista teksteist\u00e4) <\/li>\n\n\n\n<li>Profiili<\/li>\n\n\n\n<li>K\u00e4ytt\u00f6rajoitukset<\/li>\n\n\n\n<li>jne..<\/li>\n\n\n\n<li>Ovet ovat avoimet tulla ja menn\u00e4.  Voit lukea taikka j\u00e4tt\u00e4\u00e4 sivuun.<\/li>\n<\/ul>\n\n\n\n<p><\/p>\n\n\n\n<p><em>Maijaliisa<\/em><\/p>\n\n\n\n<h2 class=\"wp-block-heading\">Yhteystietoja<\/h2>\n\n\n\n<p>S\u00e4hk\u00f6posteja:<\/p>\n\n\n\n<p><a href=\"mailto:maijaliisa@maijaliisa-hiekkanen.fi\">maijaliisa (at) maijaliisa-hiekkanen.fi<\/a><\/p>\n\n\n\n<p><a href=\"mailto:elamanlaulu@gmail.com\">elamanlaulu (at) gmail.com<\/a><\/p>\n\n\n\n<p class=\"has-vivid-red-color has-text-color\"><\/p>\n\n\n\n<p><a href=\"https:\/\/www.maijaliisa-hiekkanen.fi\/\">https:\/\/www.maijaliisa-hiekkanen.fi\/<\/a> (t\u00e4m\u00e4 kotisivu)<\/p>\n","protected":false},"excerpt":{"rendered":"<p>Mukavaa ett\u00e4 osuit t\u00e4lle Sananvapauden saarelleni! Olet tervetullut tutustumaan, lukemaan, ajattelemaan, pohtimaan! Ajattelun vapautta ei rajoiteta. Jotta navigointisi etenisi sujuvasti, ole hyv\u00e4 ja tutustu sivuston otsikoihin: Maijaliisa Yhteystietoja S\u00e4hk\u00f6posteja: maijaliisa (at) maijaliisa-hiekkanen.fi elamanlaulu (at) gmail.com https:\/\/www.maijaliisa-hiekkanen.fi\/ (t\u00e4m\u00e4 kotisivu)<\/p>\n","protected":false},"author":1,"featured_media":0,"parent":0,"menu_order":0,"comment_status":"open","ping_status":"closed","template":"","meta":{"footnotes":""},"class_list":["post-86","page","type-page","status-publish","hentry"],"_links":{"self":[{"href":"https:\/\/www.maijaliisa-hiekkanen.fi\/index.php?rest_route=\/wp\/v2\/pages\/86","targetHints":{"allow":["GET"]}}],"collection":[{"href":"https:\/\/www.maijaliisa-hiekkanen.fi\/index.php?rest_route=\/wp\/v2\/pages"}],"about":[{"href":"https:\/\/www.maijaliisa-hiekkanen.fi\/index.php?rest_route=\/wp\/v2\/types\/page"}],"author":[{"embeddable":true,"href":"https:\/\/www.maijaliisa-hiekkanen.fi\/index.php?rest_route=\/wp\/v2\/users\/1"}],"replies":[{"embeddable":true,"href":"https:\/\/www.maijaliisa-hiekkanen.fi\/index.php?rest_route=%2Fwp%2Fv2%2Fcomments&post=86"}],"version-history":[{"count":7,"href":"https:\/\/www.maijaliisa-hiekkanen.fi\/index.php?rest_route=\/wp\/v2\/pages\/86\/revisions"}],"predecessor-version":[{"id":1008,"href":"https:\/\/www.maijaliisa-hiekkanen.fi\/index.php?rest_route=\/wp\/v2\/pages\/86\/revisions\/1008"}],"wp:attachment":[{"href":"https:\/\/www.maijaliisa-hiekkanen.fi\/index.php?rest_route=%2Fwp%2Fv2%2Fmedia&parent=86"}],"curies":[{"name":"wp","href":"https:\/\/api.w.org\/{rel}","templated":true}]}}